the value of 4 + (2 - 14) + 1 + -11?
-18
What is the value of 2 + (8 - ((-4 - -1) + 0))?
13
What is (14 - (-10 + -4 - -31)) + 16?
13
(12 - 7) + -6 + -4
-5
Evaluate -1 + -4 + 8 + 1 + 7 + -2.
9
Evaluate (10 - 0) + 2 + -15 + -4 + 7.
0
Evaluate 13 + -10 + -1 - -8.
10
10 + -14 - -11 - 14
-7
Evaluate 8 + 8 + -13 + -4 + 1 - -4.
4
Evaluate (-10 - -5) + 4 + 3 + 11 + -8.
5
Evaluate (-25 - -15 - -4) + 9.
3
Calculate -21 + 74 + -22 + -25.
6
Evaluate 31 - 1 - ((62 - 36) + -33).
37
What is -16 + 22 - 25 - -18?
-1
1 + 4 - 0 - (48 + -44)
1
What is (-38 + 21 - 10) + 44?
17
Calculate (-2 - (1 - -1)) + (1463 - 1452).
7
(-6 - 2) + (33 - 24) + (1 - 20)
-18
Evaluate -11 + (2 - 11 - (-16 - -1)).
-5
What is -6 - 0 - (-3 - (2 - (-18 - -18)))?
-1
6 + -2 + (-1 - (9 - 16) - 13)
-3
Evaluate -16 - (19 + -19 - 22).
6
What is 124 - 123 - (-1 - 4) - 7?
-1
Evaluate -7 + (-6 - (0 - -1 - (-8 + -9))).
-31
(140 - 132) + -12 + 5 + -4
-3
What is -12 - (-2 - -2 - (17 - -6 - 17))?
-6
What is the value of -8 + (55 - 30 - 29)?
-12
Calculate 8 + 2 + -3 - (682 + -680).
5
Calculate 6 - (2 - (22 - 15)).
11
Calculate -17 - ((-31 - -21) + 6).
-13
(0 - -19) + (0 - 11) + -128 + 142
22
What is the value of 21 - 15 - (2 - -4 - 4)?
4
-7 + 0 - (7 + 0) - -16
2
Evaluate (-6 - (12 + -6)) + -5 + 11.
-6
Evaluate -13 + 10 + 11 + -24.
-16
2 + 7 - (22 - (0 + 22))
9
Evaluate 34 - (-16 + (10 - (-21 + 10))).
29
-7 - (-2 - 3) - (3 + -9) - 4
0
What is the value of -2 + (1 - (6 + 4))?
-11
Evaluate -6 - (10 - (19 - 5)).
-2
What is 26 + (-53 - -2) - (-5 - 1)?
-19
What is -1 + 1 - (-11 + -6 - -17)?
0
Evaluate 57 - 15 - (14 + 4).
24
(0 + (10 - 8) - -9) + 1
12
(-6 - 17) + 104 + -73
8
Evaluate -4 + -9 + 3 - (-6 - 6).
2
Calculate (-27 - -9) + 9 + 5 + -8.
-12
What is the value of -18 + 1 + -1 + 9?
-9
-36 - (-14 + (-65 - -34))
9
Calculate 29 + -35 - -8 - 5.
-3
What is the value of (-2 - -4) + (-2 - (9 - 3))?
-6
-1 + 6 - (-12 - (23 - 26))
14
Evaluate (-1 - 2) + 0 + (8 - (7 + -4)).
2
-4 + -7 - (-12 + (2 - -8) - -4)
-13
-2 - -13 - 36 - -24
-1
What is -22 - (-2 + -1 - 12)?
-7
Evaluate (-12 + 10 - 1) + (-2 - (-11 + -1)).
7
What is (-11 - 9) + (13 - (-19 + 41))?
-29
What is the value of (-3 - -26 - (0 - -1)) + -68 + 63?
17
What is (0 - 1) + (97 - 81)?
15
Evaluate 24 + -32 - (2 + 2 + -8).
-4
-12 - (-23 - -18 - -8)
-15
What is the value of 6 + 13 + (-10 - 8)?
1
What is the value of -1 + 1 + -6 + 5 + (-1 - -13)?
11
What is the value of (120 - 97) + (-1 - (-3 - -12))?
13
Calculate 7 - 3 - (-3 - (2 + -13)).
-4
What is the value of (9 - 1) + (8 - (-8 - -11 - -5))?
8
What is (-5 - (-5 - 0)) + 6 - 14?
-8
Evaluate -14 - -2 - (-121 + 126).
-17
What is the value of -16 - (-3 - 0 - (17 - (-11 - -28)))?
-13
Calculate -7 + 0 - (-7 - (16 + -18)) - 0.
-2
(-5 - -4 - ((14 - 15) + -40)) + -2
38
What is (-13 - (8 - 16)) + -7 + 10?
-2
What is the value of (9 - (-2 + (-2 - 0))) + -19?
-6
Evaluate 21 + -67 + -15 + 32.
-29
3 + (1 - 3) + -5 + (-1 - 3)
-8
What is (-4 - -7) + 0 + (2 - -2) - -7?
14
What is the value of -2 - 17 - (152 - 189)?
18
What is the value of -21 + (-36 - -53) - (-10 - -1)?
5
Evaluate 10 + -1 - (4 + -5 + -4).
14
What is 26 + 9 + (-9 - 15)?
11
Calculate -12 - (-2 - 1 - (17 + -17)).
-9
Calculate (-3 - -6) + 2 + (2 - (1 - 5)).
11
What is the value of (1 - (-19 - -21)) + 7?
6
Calculate -13 + -25 + 26 - 15.
-27
Calculate 5 + -3 + -4 + -1 + 4 + -5.
-4
What is 12 + (-31 - -17) + 11?
9
(-8 - -22) + -6 + -2
6
What is 6 + (3 + -17 - -6) + (-6 - 1)?
-9
What is the value of 7 + (2 + 3 - 14) + 4?
2
What is the value of 5 + 4 - (-9 - -13 - (7 - -1))?
13
Evaluate (14 - -1) + 29 + -64 + 27.
7
What is (16 - 8 - 5) + (-5 - (5 + -7))?
0
What is the value of (-14 + -1 - -1) + 6 + 18?
10
Evaluate 10 + -21 + 17 + 2 + -8.
0
What is (-45 - -1) + -531 + 549?
-26
What is -6 - (-24 + -9 + (4 - -15))?
8
What is the value of 0 + 8 + 2 + 8 + -25 + 21?
14
Calculate 52 + -62 - (0 - -5).
-15
Evaluate 2 - (-5 + (-5 - -9)).
3
Evaluate (10 - -1) + -8 + 0 - (6 - 0).
-3
Calculate -3 + -15 + 6 + -14 + 11.
-15
16 + -25 - (12 - (-6 - -12))
-15
Evaluate (-7 - -1) + -225 + 234.
3
Calculate -4 - (10 + 0 - 27).
13
What is 8 - (-11 + 19 + -10 + (-12 - 2))?
24
Evaluate 7 - 0 - (10 + (6 + -34 - -8)).
17
What is the value of 1 - (-11 - (6 + -17))?
1
0 + 10 + -23 + (0 - (-1 - 0))
-12
What is the value of -2 - 12 - (-112 + 82)?
16
Evaluate -12 + 14 + -14 + 14.
2
Evaluate 3 - ((5 - 2 - -28) + -11).
-17
What is -39 + -16 + 28 + 38?
11
Evaluate -6 + 1 + -49 + 50 + (-2 - -9).
3
Evaluate -3 + -4 + (-5 - -14) + -1 + 1.
2
What is 0 - -4 - (9 + -9 + -9)?
13
Evaluate 1 + -2 - 16 - (535 - 539).
-13
7 + -9 + (8 - (3 + -2 - -4))
1
What is the value of (13 - 10) + (2 + (-4 - -2) - -26)?
29
What is the value of 13 + 8 + 6 + 15 + -32?
10
What is 12 + (-21 - (-12 - 8))?
11
Calculate -6 + -1 + (5 + -2 + 7 - 15).
-12
Calculate -7 + 11 + -29 + 38.
13
Evaluate -11 - -1 - (4 - (-8 - (13 + -65))).
30
What is the value of 1 + 11 + -37 + (10 - -24)?
9
Calculate 15 + 10 - (-1 + (16 - 8) + -10).
28
What is 18 - (6 - -17 - -7)?
-12
Evaluate (0 - (-7 + 8 - (-2 - -9))) + -20.
-14
What is 1 - (2 + 1 + (-4 - -2))?
0
Evaluate (-2 - (-36 - -22)) + 11.
23
Calculate (1 - -25) + -538 + 512.
0
What is the value of (-1 - -9) + 146 + -151 + -15?
-12
What is -45 + (-10 - (-16 + -19))?
-20
What is the value of -2 + 2 - (168 + -165)?
-3
What is -10 - (13 - (-19 + 10 - -27))?
-5
What is the value of -6 + -2 + 15 - -7?
14
Evaluate -1 + 13 - 3 - (-4 + 0 + 0).
13
What is the value of (9 - (4 - (7 + -6))) + 1 + 0?
7
1 + 7 + (454 - 494)
-32
Evaluate -25 - -11 - -2 - -7.
-5
What is the value of (-9 - 1) + (-70 - -65) - 8?
-23
What is the value of -605 + 594 - (-2 - (0 + 8)) - -36?
35
(-1 + -3 - (105 - 113)) + 34
38
0 + -3 - (50 - 64)
11
What is 1 + 4 + 23 + (16 - 34)?
10
What is the value of 3 + -49 + (48 - 96 - -63)?
-31
Evaluate -14 + (-36 - (-25 + 7)).
-32
Calculate (7 - 1) + -1 + (-34 - -51).
22
Calculate (8 - 18 - -9 - -2) + -15.
-14
What is the value of -3 + -15 + 18 + -9 + 6 + -7?
-10
What is (0 - 7) + -10 + 6 + (-3 - -7)?
-7
Evaluate 24 + (-45 - -64 - 25).
18
What is the value of (-51 - (16 + -57)) + (0 - 2 - -16)?
4
Calculate -8 + 20 + -11 + (2 + -3 - 0).
0
Calculate 4 + -1 + 5 + -11 + (1 - -4).
2
Calculate 1 + 29 + -3 + -12 + -6 + 17.
26
1 + 3 - (5 - (-3 - -9))
5
Evaluate (-13 - -26) + 6 + (1 - 7).
13
Calculate 2 + -10 + -1 - (-35 + (6 - -27)).
-7
-4 - (-6 + 5) - (8 - (15 - 6))
-2
-1 + -1 + 1 + -23 + 31
7
What is the value of -7 + 11 + -4 + 21?
21
Evaluate 5 + (5 - -1) + -17 + -2 + 4.
-4
Calculate -38 + 16 + -12 + 25.
-9
3 - (51 + (3 - -5 - 26))
-30
Calculate (-4 - (27 + -19)) + 26 + 22.
36
What is the value of -2 + 10 - -2 - (14 + -7 - 1)?
4
What is the value of 7 + 3 + -6 + (61 - 70)?
-5
Evaluate -7 + (-33 - (5 + (-18 - 0))).
-27
What is -14 + 9 + (-3 + 3 - 1 - 1)?
-7
What is the value of (-11 - (-2 + -8 - 0)) + -1 + 13?
11
Evaluate -5 - -24 - (-65 - -107).
-23
What is the value of -44 + -2 + 1 + 39 + (10 - 46)?
-42
Calculate -1 - (5 + 16) - (-5 - 7 - -7).
-17
14 + -2 + (18 - (-4 - -20))
14
Evaluate 3 - (5 - (2 - 3)) - (21 + -12).
-12
-34 + 25 - ((10 - 6) + -15 + 1)
1
(17 - 10 - 10) + (10 - (2 + -2))
7
6 + 0 + -2 + 17 - 9
12
Evaluate -13 - (-14 - -28 - 19) - (-5 - 0).
-3
Evaluate 0 - (-4 + 11 + -1).
-6
What is the value of -16 + (2 + 3 - (15 - 4 - 6))?
-16
Evaluate -4 + (2 + 0 - 6).
-8
Calculate 13 + -8 + -19 + -1 + -10.
-25
What is (9 + -6 - 6) + -5 + 10?
2
Calculate -5 - -2 - 0 - (14 + (-2 - 6)).
-9
What is the value of (3 - -1) + -70 + 63?
-3
-18 + 11 - -9 - (-42 + 36)
8
Evaluate 8 + -2 - ((-10 - (-11 - -2)) + 8).
-1
What is the value of 5 - ((-10 + 4 - (-3 - -3)) + 2)?
9
Evaluate (11 - (-7 - -16)) + -7.
-5
Evaluate 1 - (11 + 14 + -29).
5
Calculate 9 + (-35 - (14 + -29)).
-11
What is 24 - (-26 - (-22 + -23))?
5
What is the value of -1 + 13 + 2 + (-1 - 0)?
13
What is 3 + (3 - (4 - 8))?
10
Evaluate -24 + -1 - (-420 + 414).
-19
What is the value of 4 + -3 + -7 + -1 + 12 + -16?
-11
What is (-53 + 53 - (0 + 1)) + 8?
7
116 + -120 + 0 + 5 + (2 - 1)
2
Calculate (1 - -14) + 161 + -168.
8
What is (-3 - (23 + -33)) + (9 - -3)?
19
What is 0 + -4 - -5 - (26 + -21)?
-4
What is the value of (2 - 7) + 5 + -14?
-14
Evaluate (-5 + -9 + -5 - (1 - 4)) + 1.
-15
What is 0 + -5 + 0 + 34 + -37?
-8
Calculate 2 + 8 + (-13 - -3).
0
What